{"id":82,"date":"2018-05-17T09:52:06","date_gmt":"2018-05-17T07:52:06","guid":{"rendered":"http:\/\/mounaquesetcompagnie.fr\/?page_id=82"},"modified":"2025-10-25T10:47:14","modified_gmt":"2025-10-25T08:47:14","slug":"grands-modeles","status":"publish","type":"page","link":"https:\/\/mounaquesetcompagnie.fr\/index.php\/nos-modeles\/grands-modeles\/","title":{"rendered":"Grands Mod\u00e8les"},"content":{"rendered":"<p><em><span style=\"font-family: Calibri, serif;\"><span style=\"font-size: 12;\"><span lang=\"fr-FR\">Depuis quelques ann\u00e9es, un atelier de fabrication de petites mounaques de collection a ouvert. Initialement situ\u00e9 \u00e0 La S\u00e9oube, il se situe depuis 1999 au coeur de Campan, dans une maison achet\u00e9e par le conseil municipal, la maison \u00ab\u00a0la Clairefontaine\u00a0\u00bb<\/span><\/span><\/span><\/em><\/p>\n<p><span style=\"font-family: Calibri, serif;\"><span style=\"font-size: 12;\"><span lang=\"fr-FR\">Alors, si vous avez \u00e9t\u00e9 s\u00e9duits par les nombreuses mounaques en grandeur nature qui animent chaque \u00e9t\u00e9 le village de Campan, poussez la porte de cet atelier pour ramener chez vous votre mounaque pr\u00e9f\u00e9r\u00e9e.<\/span><\/span><\/span><\/p>\n<pre><span style=\"font-family: Calibri, serif;\"><span style=\"font-size: 12;\"><span lang=\"fr-FR\">Nos mounaques mesurent environ 40 cm de hauteur et sont fabriqu\u00e9es de fa\u00e7on artisanale\u00a0<\/span><\/span><\/span><span style=\"font-family: Calibri, serif;\"><span style=\"font-size: 12;\"><span lang=\"fr-FR\">avec l\u2019aide de b\u00e9n\u00e9voles.<\/span><\/span><\/span>\n<span style=\"font-family: Calibri, serif;\"><span style=\"font-size: 12;\"><span lang=\"fr-FR\">Les poup\u00e9es sont fabriqu\u00e9es de mani\u00e8re artisanale \u00e0 partir de tissu, de ouate et de laine.\n\u00a0<\/span><\/span><\/span><span style=\"font-family: Calibri, serif;\"><span style=\"font-size: 12;\"><span lang=\"fr-FR\">Les tissus changent r\u00e9guli\u00e8rement et les visages sont peints \u00e0 la main, ce qui fait de chaque poup\u00e9e une pi\u00e8ce unique.\n\n<\/span><\/span><\/span><strong>Grand mod\u00e8le\u00a0 :<span style=\"font-size: 0.9rem;\"> \u00e0 partir de 46 \u20ac (socle + 2 \u20ac)<\/span><\/strong>\n\nBerg\u00e8re - Berger simple\nGrand p\u00e8re\nPastourelle - Pastoureau \nSorci\u00e8re\nRandonneuse - Randonneur\n\nBerger avec gourde et sali\u00e8re 50 \u20ac\nGrand M\u00e8re - Grand P\u00e8re Costume - 50 \u20ac\nPastourelle avec bonnet 50 \u20ac\nPastoureau avec cape - 50 \u20ac\nSkieuse - Skieur - 50 \u20ac\n\nPorteur du pic du Midi - 70 \u20ac\nGrand cycliste - 70 \u20ac\n+ Mod\u00e8les divers<\/pre>\n<div id='gallery-1' class='gallery galleryid-82 gallery-columns-1 gallery-size-large'><figure class='gallery-item'>\n\t\t\t<div class='gallery-icon landscape'>\n\t\t\t\t<a href='https:\/\/mounaquesetcompagnie.fr\/index.php\/nos-modeles\/grands-modeles\/mounaque-grand-modele-1\/'><img width=\"525\" height=\"350\" src=\"https:\/\/mounaquesetcompagnie.fr\/wp-content\/uploads\/2018\/05\/mounaque-grand-modele-1-1024x683.jpg\" class=\"attachment-large size-large\" alt=\"\" loading=\"lazy\" aria-describedby=\"gallery-1-217\" srcset=\"https:\/\/mounaquesetcompagnie.fr\/wp-content\/uploads\/2018\/05\/mounaque-grand-modele-1-1024x683.jpg 1024w, https:\/\/mounaquesetcompagnie.fr\/wp-content\/uploads\/2018\/05\/mounaque-grand-modele-1-300x200.jpg 300w, https:\/\/mounaquesetcompagnie.fr\/wp-content\/uploads\/2018\/05\/mounaque-grand-modele-1-768x512.jpg 768w\" sizes=\"100vw\" \/><\/a>\n\t\t\t<\/div>\n\t\t\t\t<figcaption class='wp-caption-text gallery-caption' id='gallery-1-217'>\n\t\t\t\tPastoureau &#8211; Pastourelle\n\t\t\t\t<\/figcaption><\/figure><figure class='gallery-item'>\n\t\t\t<div class='gallery-icon landscape'>\n\t\t\t\t<a href='https:\/\/mounaquesetcompagnie.fr\/index.php\/nos-modeles\/grands-modeles\/mounaque-grand-modele-5\/'><img width=\"525\" height=\"350\" src=\"https:\/\/mounaquesetcompagnie.fr\/wp-content\/uploads\/2018\/05\/mounaque-grand-modele-5-1024x683.jpg\" class=\"attachment-large size-large\" alt=\"\" loading=\"lazy\" aria-describedby=\"gallery-1-221\" srcset=\"https:\/\/mounaquesetcompagnie.fr\/wp-content\/uploads\/2018\/05\/mounaque-grand-modele-5-1024x683.jpg 1024w, https:\/\/mounaquesetcompagnie.fr\/wp-content\/uploads\/2018\/05\/mounaque-grand-modele-5-300x200.jpg 300w, https:\/\/mounaquesetcompagnie.fr\/wp-content\/uploads\/2018\/05\/mounaque-grand-modele-5-768x512.jpg 768w\" sizes=\"100vw\" \/><\/a>\n\t\t\t<\/div>\n\t\t\t\t<figcaption class='wp-caption-text gallery-caption' id='gallery-1-221'>\n\t\t\t\tBreg\u00e8re &#8211; Berger\n\t\t\t\t<\/figcaption><\/figure><figure class='gallery-item'>\n\t\t\t<div class='gallery-icon landscape'>\n\t\t\t\t<a href='https:\/\/mounaquesetcompagnie.fr\/index.php\/nos-modeles\/grands-modeles\/mounaque-grand-modele-6\/'><img width=\"525\" height=\"350\" src=\"https:\/\/mounaquesetcompagnie.fr\/wp-content\/uploads\/2018\/05\/mounaque-grand-modele-6-1024x683.jpg\" class=\"attachment-large size-large\" alt=\"\" loading=\"lazy\" aria-describedby=\"gallery-1-222\" srcset=\"https:\/\/mounaquesetcompagnie.fr\/wp-content\/uploads\/2018\/05\/mounaque-grand-modele-6-1024x683.jpg 1024w, https:\/\/mounaquesetcompagnie.fr\/wp-content\/uploads\/2018\/05\/mounaque-grand-modele-6-300x200.jpg 300w, https:\/\/mounaquesetcompagnie.fr\/wp-content\/uploads\/2018\/05\/mounaque-grand-modele-6-768x512.jpg 768w\" sizes=\"100vw\" \/><\/a>\n\t\t\t<\/div>\n\t\t\t\t<figcaption class='wp-caption-text gallery-caption' id='gallery-1-222'>\n\t\t\t\tGrand-m\u00e8re &#8211; Grand-p\u00e8re\n\t\t\t\t<\/figcaption><\/figure><figure class='gallery-item'>\n\t\t\t<div class='gallery-icon landscape'>\n\t\t\t\t<a href='https:\/\/mounaquesetcompagnie.fr\/index.php\/nos-modeles\/grands-modeles\/mounaque-grand-modele-4\/'><img width=\"525\" height=\"350\" src=\"https:\/\/mounaquesetcompagnie.fr\/wp-content\/uploads\/2018\/05\/mounaque-grand-modele-4-1024x683.jpg\" class=\"attachment-large size-large\" alt=\"\" loading=\"lazy\" aria-describedby=\"gallery-1-220\" srcset=\"https:\/\/mounaquesetcompagnie.fr\/wp-content\/uploads\/2018\/05\/mounaque-grand-modele-4-1024x683.jpg 1024w, https:\/\/mounaquesetcompagnie.fr\/wp-content\/uploads\/2018\/05\/mounaque-grand-modele-4-300x200.jpg 300w, https:\/\/mounaquesetcompagnie.fr\/wp-content\/uploads\/2018\/05\/mounaque-grand-modele-4-768x512.jpg 768w\" sizes=\"100vw\" \/><\/a>\n\t\t\t<\/div>\n\t\t\t\t<figcaption class='wp-caption-text gallery-caption' id='gallery-1-220'>\n\t\t\t\tRandonneuse &#8211; Randonneur\n\t\t\t\t<\/figcaption><\/figure><figure class='gallery-item'>\n\t\t\t<div class='gallery-icon landscape'>\n\t\t\t\t<a href='https:\/\/mounaquesetcompagnie.fr\/index.php\/nos-modeles\/grands-modeles\/mounaque-grand-modele-3\/'><img width=\"525\" height=\"350\" src=\"https:\/\/mounaquesetcompagnie.fr\/wp-content\/uploads\/2018\/05\/mounaque-grand-modele-3-1024x683.jpg\" class=\"attachment-large size-large\" alt=\"\" loading=\"lazy\" aria-describedby=\"gallery-1-219\" srcset=\"https:\/\/mounaquesetcompagnie.fr\/wp-content\/uploads\/2018\/05\/mounaque-grand-modele-3-1024x683.jpg 1024w, https:\/\/mounaquesetcompagnie.fr\/wp-content\/uploads\/2018\/05\/mounaque-grand-modele-3-300x200.jpg 300w, https:\/\/mounaquesetcompagnie.fr\/wp-content\/uploads\/2018\/05\/mounaque-grand-modele-3-768x512.jpg 768w\" sizes=\"100vw\" \/><\/a>\n\t\t\t<\/div>\n\t\t\t\t<figcaption class='wp-caption-text gallery-caption' id='gallery-1-219'>\n\t\t\t\tSkieur &#8211; Skieuse\n\t\t\t\t<\/figcaption><\/figure><figure class='gallery-item'>\n\t\t\t<div class='gallery-icon landscape'>\n\t\t\t\t<a href='https:\/\/mounaquesetcompagnie.fr\/index.php\/nos-modeles\/grands-modeles\/mounaque-grand-modele-2\/'><img width=\"525\" height=\"350\" src=\"https:\/\/mounaquesetcompagnie.fr\/wp-content\/uploads\/2018\/05\/mounaque-grand-modele-2-1024x683.jpg\" class=\"attachment-large size-large\" alt=\"\" loading=\"lazy\" aria-describedby=\"gallery-1-218\" srcset=\"https:\/\/mounaquesetcompagnie.fr\/wp-content\/uploads\/2018\/05\/mounaque-grand-modele-2-1024x683.jpg 1024w, https:\/\/mounaquesetcompagnie.fr\/wp-content\/uploads\/2018\/05\/mounaque-grand-modele-2-300x200.jpg 300w, https:\/\/mounaquesetcompagnie.fr\/wp-content\/uploads\/2018\/05\/mounaque-grand-modele-2-768x512.jpg 768w\" sizes=\"100vw\" \/><\/a>\n\t\t\t<\/div>\n\t\t\t\t<figcaption class='wp-caption-text gallery-caption' id='gallery-1-218'>\n\t\t\t\tJardinier &#8211; Jardini\u00e8re\n\t\t\t\t<\/figcaption><\/figure>\n\t\t<\/div>\n\n","protected":false},"excerpt":{"rendered":"<p>Depuis quelques ann\u00e9es, un atelier de fabrication de petites mounaques de collection a ouvert. Initialement situ\u00e9 \u00e0 La S\u00e9oube, il se situe depuis 1999 au coeur de Campan, dans une maison achet\u00e9e par le conseil municipal, la maison \u00ab\u00a0la Clairefontaine\u00a0\u00bb Alors, si vous avez \u00e9t\u00e9 s\u00e9duits par les nombreuses mounaques en grandeur nature qui animent &hellip; <\/p>\n<p class=\"link-more\"><a href=\"https:\/\/mounaquesetcompagnie.fr\/index.php\/nos-modeles\/grands-modeles\/\" class=\"more-link\">Continuer la lecture<span class=\"screen-reader-text\"> de &laquo;&nbsp;Grands Mod\u00e8les&nbsp;&raquo;<\/span><\/a><\/p>\n","protected":false},"author":1,"featured_media":0,"parent":74,"menu_order":0,"comment_status":"closed","ping_status":"closed","template":"","meta":[],"_links":{"self":[{"href":"https:\/\/mounaquesetcompagnie.fr\/index.php\/wp-json\/wp\/v2\/pages\/82"}],"collection":[{"href":"https:\/\/mounaquesetcompagnie.fr\/index.php\/wp-json\/wp\/v2\/pages"}],"about":[{"href":"https:\/\/mounaquesetcompagnie.fr\/index.php\/wp-json\/wp\/v2\/types\/page"}],"author":[{"embeddable":true,"href":"https:\/\/mounaquesetcompagnie.fr\/index.php\/wp-json\/wp\/v2\/users\/1"}],"replies":[{"embeddable":true,"href":"https:\/\/mounaquesetcompagnie.fr\/index.php\/wp-json\/wp\/v2\/comments?post=82"}],"version-history":[{"count":32,"href":"https:\/\/mounaquesetcompagnie.fr\/index.php\/wp-json\/wp\/v2\/pages\/82\/revisions"}],"predecessor-version":[{"id":538,"href":"https:\/\/mounaquesetcompagnie.fr\/index.php\/wp-json\/wp\/v2\/pages\/82\/revisions\/538"}],"up":[{"embeddable":true,"href":"https:\/\/mounaquesetcompagnie.fr\/index.php\/wp-json\/wp\/v2\/pages\/74"}],"wp:attachment":[{"href":"https:\/\/mounaquesetcompagnie.fr\/index.php\/wp-json\/wp\/v2\/media?parent=82"}],"curies":[{"name":"wp","href":"https:\/\/api.w.org\/{rel}","templated":true}]}}