{"id":160,"date":"2018-05-25T11:03:42","date_gmt":"2018-05-25T09:03:42","guid":{"rendered":"http:\/\/mounaquesetcompagnie.fr\/?page_id=160"},"modified":"2018-06-11T14:27:34","modified_gmt":"2018-06-11T12:27:34","slug":"lhistoire-des-mounaques","status":"publish","type":"page","link":"https:\/\/mounaquesetcompagnie.fr\/index.php\/lhistoire-des-mounaques\/","title":{"rendered":"L&rsquo;histoire des mounaques"},"content":{"rendered":"<h1>Mounaque de Campan et tradition campanoise&#8230;.<\/h1>\n<p>&nbsp;<\/p>\n<p style=\"text-align: center;\"><span style=\"font-family: helvetica, arial, sans-serif; font-size: 10pt;\"><span lang=\"fr-FR\">Qui ne conna\u00eet pas les c\u00e9l\u00e8bres mounaques de Campan ?<\/span><\/span><\/p>\n<p style=\"text-align: center;\"><span style=\"font-family: helvetica, arial, sans-serif; font-size: 10pt;\"><span lang=\"fr-FR\"> En traversant ce petit village pittoresque de la Haute-Bigorre, notre regard est forc\u00e9ment attir\u00e9 par ces personnages presque r\u00e9els qui s&rsquo;int\u00e8grent \u00e0 merveille dans le cadre authentique, voire enchanteur, du bourg. <\/span><\/span><\/p>\n<p style=\"text-align: center;\"><span style=\"font-family: helvetica, arial, sans-serif; font-size: 10pt;\"><span lang=\"fr-FR\">Mais savez-vous tout sur ces poup\u00e9es grandeur nature ?<\/span><\/span><\/p>\n<p>&nbsp;<\/p>\n<p>Autrefois, on se mariait dans le village, c&rsquo;est \u00e0 dire que l&rsquo;on trouvait son conjoint dans son voisinage, mais souvent les jeux de l&rsquo;amour et du hasard venaient contrarier cette coutume, et \u00e0 Campan on n&rsquo;aimait gu\u00e8re ces \u00ab\u00a0hore-benguts\u00a0\u00bb qui venaient enlever une \u00ab\u00a0h\u00e9riti\u00e8re\u00a0\u00bb aux jeunes du village.<\/p>\n<p><!--more--><\/p>\n<p>La fille a\u00een\u00e9e de la \u00ab\u00a0maison\u00a0\u00bb h\u00e9ritait des biens, \u00ab\u00a0terre, maison, b\u00e9tail\u00a0\u00bb et \u00e9tait toujours tr\u00e8s convoit\u00e9e. Quand il s&rsquo;agissait d&rsquo;une cadette, le probl\u00e8me ne se posait pas. Donc, pour avoir le droit de \u00ab\u00a0s&rsquo;en venir gendre\u00a0\u00bb \u00e0 Campan, le futur \u00ab\u00a0nobi\u00a0\u00bb devait s\u2019acquitter d&rsquo;une sorte de tribut. Si le futur acc\u00e9dait aux d\u00e9sirs des jeunes et se montrait largement compr\u00e9hensif, tout se passait bien. Quoi qu&rsquo;il en soit, \u00e0 la sortie de l&rsquo;\u00e9glise les \u00ab\u00a0nobis\u00a0\u00bb se trouvaint en pr\u00e9sence de la \u00a0\u00bb roum\u00e8gue\u00a0\u00bb. C&rsquo;\u00e9tait un buisson de ronces qu&rsquo;il fallait sauter, ce qui amusait beaucoup les jeunes, puis le buisson de ronces a \u00e9t\u00e9 remplac\u00e9 par deux ceintures rouges et bleues que le \u00ab\u00a0nobio\u00a0\u00bb d\u00e9nouait de ses doigts tremblants.<\/p>\n<p>Qu&rsquo;il faille sauter ou d\u00e9nouer, il fallait surtout ouvrir les cordons de la bourse. Si le \u00ab\u00a0nobi\u00a0\u00bb ne voulait pas s&rsquo;aquitter du tribut qui lui \u00e9tait demand\u00e9 par la jeunesse, il avait le droit au \u00ab\u00a0charivari\u00a0\u00bb et aux mounaques. Dans le mois pr\u00e9c\u00e9dent le mariage, toute la jeunesse, cloches de vaches autour du cou, venait chaque soir faire le tintamarre autour de la maison de la future \u00e9pouse, et le jour du mariage, les mari\u00e9s et le cort\u00e8ge avaient le privil\u00e8ge de passer sous un couple de mounaques pendues au dessus de la porte.<\/p>\n<p>Les mounaques pr\u00e9sentaient les caract\u00e9ristiques que l&rsquo;on reprochait aux futurs mari\u00e9s. Car ce charivari n&rsquo;avait pas lieu seulement quand un jeune homme du village voisin venait \u00e9pouser une h\u00e9riti\u00e8re, mais aussi quand un veuf ou une veuve se remariait, ou bien quand une fille m\u00e8re prenait \u00e9poux.<\/p>\n<p>Le charivari ne s&rsquo;arr\u00eatait que lorsque les \u00ab\u00a0nobis\u00a0\u00bbacceptaient de payer une somme cons\u00e9quente qui permettait aux jeunes de faire la f\u00eate.<\/p>\n<p>&nbsp;<\/p>\n<p>&nbsp;<\/p>\n","protected":false},"excerpt":{"rendered":"<p>Mounaque de Campan et tradition campanoise&#8230;. &nbsp; Qui ne conna\u00eet pas les c\u00e9l\u00e8bres mounaques de Campan ? En traversant ce petit village pittoresque de la Haute-Bigorre, notre regard est forc\u00e9ment attir\u00e9 par ces personnages presque r\u00e9els qui s&rsquo;int\u00e8grent \u00e0 merveille dans le cadre authentique, voire enchanteur, du bourg. Mais savez-vous tout sur ces poup\u00e9es grandeur &hellip; <\/p>\n<p class=\"link-more\"><a href=\"https:\/\/mounaquesetcompagnie.fr\/index.php\/lhistoire-des-mounaques\/\" class=\"more-link\">Continuer la lecture<span class=\"screen-reader-text\"> de &laquo;&nbsp;L&rsquo;histoire des mounaques&nbsp;&raquo;<\/span><\/a><\/p>\n","protected":false},"author":1,"featured_media":112,"parent":0,"menu_order":0,"comment_status":"closed","ping_status":"closed","template":"","meta":[],"_links":{"self":[{"href":"https:\/\/mounaquesetcompagnie.fr\/index.php\/wp-json\/wp\/v2\/pages\/160"}],"collection":[{"href":"https:\/\/mounaquesetcompagnie.fr\/index.php\/wp-json\/wp\/v2\/pages"}],"about":[{"href":"https:\/\/mounaquesetcompagnie.fr\/index.php\/wp-json\/wp\/v2\/types\/page"}],"author":[{"embeddable":true,"href":"https:\/\/mounaquesetcompagnie.fr\/index.php\/wp-json\/wp\/v2\/users\/1"}],"replies":[{"embeddable":true,"href":"https:\/\/mounaquesetcompagnie.fr\/index.php\/wp-json\/wp\/v2\/comments?post=160"}],"version-history":[{"count":9,"href":"https:\/\/mounaquesetcompagnie.fr\/index.php\/wp-json\/wp\/v2\/pages\/160\/revisions"}],"predecessor-version":[{"id":369,"href":"https:\/\/mounaquesetcompagnie.fr\/index.php\/wp-json\/wp\/v2\/pages\/160\/revisions\/369"}],"wp:featuredmedia":[{"embeddable":true,"href":"https:\/\/mounaquesetcompagnie.fr\/index.php\/wp-json\/wp\/v2\/media\/112"}],"wp:attachment":[{"href":"https:\/\/mounaquesetcompagnie.fr\/index.php\/wp-json\/wp\/v2\/media?parent=160"}],"curies":[{"name":"wp","href":"https:\/\/api.w.org\/{rel}","templated":true}]}}